{"id":8,"date":"2024-02-14T10:29:05","date_gmt":"2024-02-14T10:29:05","guid":{"rendered":"https:\/\/barreaudeboumerdes.congresalgerie.com\/?page_id=8"},"modified":"2024-02-21T10:34:26","modified_gmt":"2024-02-21T10:34:26","slug":"inscription","status":"publish","type":"page","link":"https:\/\/barreaudeboumerdes.congresalgerie.com\/?page_id=8","title":{"rendered":"Inscription"},"content":{"rendered":"<div class=\"fusion-fullwidth fullwidth-box fusion-builder-row-1 fusion-flex-container has-pattern-background has-mask-background nonhundred-percent-fullwidth non-hundred-percent-height-scrolling\" style=\"--awb-border-radius-top-left:0px;--awb-border-radius-top-right:0px;--awb-border-radius-bottom-right:0px;--awb-border-radius-bottom-left:0px;--awb-padding-right:0px;--awb-padding-left:0px;\" ><div class=\"fusion-builder-row fusion-row fusion-flex-align-items-flex-start\" style=\"max-width:1248px;margin-left: calc(-4% \/ 2 );margin-right: calc(-4% \/ 2 );\"><div class=\"fusion-layout-column fusion_builder_column fusion-builder-column-0 fusion_builder_column_1_2 1_2 fusion-flex-column\" style=\"--awb-bg-size:cover;--awb-width-large:50%;--awb-margin-top-large:0px;--awb-spacing-right-large:3.84%;--awb-margin-bottom-large:20px;--awb-spacing-left-large:3.84%;--awb-width-medium:50%;--awb-order-medium:0;--awb-spacing-right-medium:3.84%;--awb-spacing-left-medium:3.84%;--awb-width-small:100%;--awb-order-small:0;--awb-spacing-right-small:1.92%;--awb-spacing-left-small:1.92%;\"><div class=\"fusion-column-wrapper fusion-column-has-shadow fusion-flex-justify-content-flex-start fusion-content-layout-column\"><div class=\"fusion-image-element \" style=\"--awb-caption-title-size:var(--h2_typography-font-size);--awb-caption-title-transform:var(--h2_typography-text-transform);--awb-caption-title-line-height:var(--h2_typography-line-height);--awb-caption-title-letter-spacing:var(--h2_typography-letter-spacing);\"><span class=\" fusion-imageframe imageframe-none imageframe-1 hover-type-none\"><img decoding=\"async\" width=\"600\" height=\"848\" title=\"AFFICHES BARREAUX MULTI LANGUES-05 (1)\" src=\"https:\/\/barreaudeboumerdes.congresalgerie.com\/wp-content\/uploads\/2024\/02\/AFFICHES-BARREAUX-MULTI-LANGUES-05-1-600x848.jpg\" alt class=\"img-responsive wp-image-47\" srcset=\"https:\/\/barreaudeboumerdes.congresalgerie.com\/wp-content\/uploads\/2024\/02\/AFFICHES-BARREAUX-MULTI-LANGUES-05-1-200x283.jpg 200w, https:\/\/barreaudeboumerdes.congresalgerie.com\/wp-content\/uploads\/2024\/02\/AFFICHES-BARREAUX-MULTI-LANGUES-05-1-400x565.jpg 400w, https:\/\/barreaudeboumerdes.congresalgerie.com\/wp-content\/uploads\/2024\/02\/AFFICHES-BARREAUX-MULTI-LANGUES-05-1-600x848.jpg 600w, https:\/\/barreaudeboumerdes.congresalgerie.com\/wp-content\/uploads\/2024\/02\/AFFICHES-BARREAUX-MULTI-LANGUES-05-1-800x1130.jpg 800w, https:\/\/barreaudeboumerdes.congresalgerie.com\/wp-content\/uploads\/2024\/02\/AFFICHES-BARREAUX-MULTI-LANGUES-05-1-1200x1696.jpg 1200w, https:\/\/barreaudeboumerdes.congresalgerie.com\/wp-content\/uploads\/2024\/02\/AFFICHES-BARREAUX-MULTI-LANGUES-05-1.jpg 1755w\" sizes=\"(max-width: 640px) 100vw, 600px\" \/><\/span><\/div><\/div><\/div><div class=\"fusion-layout-column fusion_builder_column fusion-builder-column-1 fusion_builder_column_1_2 1_2 fusion-flex-column\" style=\"--awb-bg-size:cover;--awb-width-large:50%;--awb-margin-top-large:0px;--awb-spacing-right-large:3.84%;--awb-margin-bottom-large:20px;--awb-spacing-left-large:3.84%;--awb-width-medium:50%;--awb-order-medium:0;--awb-spacing-right-medium:3.84%;--awb-spacing-left-medium:3.84%;--awb-width-small:100%;--awb-order-small:0;--awb-spacing-right-small:1.92%;--awb-spacing-left-small:1.92%;\"><div class=\"fusion-column-wrapper fusion-column-has-shadow fusion-flex-justify-content-flex-start fusion-content-layout-column\"><div class=\"fusion-text fusion-text-1\"><ul>\n<li><b><u><span data-fusion-font=\"true\" style=\"font-size: 18px;\">AVIS : <\/span><\/u>Seuls les inscrits ayant joint leur re\u00e7u de virement sont consid\u00e9r\u00e9s comme inscrits confirm\u00e9s. Les autres sont consid\u00e9r\u00e9s comme pr\u00e9-inscrits, et la confirmation de leur inscription d\u00e9pendra du nombre de places disponibles.<\/b><\/li>\n<\/ul>\n<ul>\n<li><font color=\"#8e0000\"><b><u>Frais d&rsquo;inscription : 10 000 DA<\/u><\/b><\/font><\/li>\n<\/ul>\n<ul>\n<li><b style=\"font-family: var(--awb-text-font-family); font-size: var(--awb-font-size); font-style: var(--awb-text-font-style); letter-spacing: var(--awb-letter-spacing); text-align: var(--awb-content-alignment); text-transform: var(--awb-text-transform); background-color: var(--awb-bg-color); color: rgb(142, 0, 0);\">\n<p data-fusion-font=\"true\" style=\"color: rgb(0, 0, 0); font-size: 14px; line-height: 24.04px; display: inline !important;\">Acc\u00e8s a toutes les conf\u00e9rences.<\/p>\n<p><\/b><\/li>\n<li><b data-fusion-font=\"true\" style=\"font-family: var(--awb-text-font-family); font-style: var(--awb-text-font-style); letter-spacing: var(--awb-letter-spacing); text-align: var(--awb-content-alignment); text-transform: var(--awb-text-transform); background-color: var(--awb-bg-color); color: rgb(0, 0, 0); font-size: 14px; line-height: 24.04px;\">Cartable et documentation<\/b><\/li>\n<li><b data-fusion-font=\"true\" style=\"background-color: var(--awb-bg-color); font-family: var(--awb-text-font-family); font-style: var(--awb-text-font-style); letter-spacing: var(--awb-letter-spacing); text-align: var(--awb-content-alignment); text-transform: var(--awb-text-transform); color: rgb(0, 0, 0); font-size: 14px; line-height: 24.04px;\">Attestation de participation<\/b><\/li>\n<li><b style=\"background-color: var(--awb-bg-color); color: var(--awb-text-color); font-family: var(--awb-text-font-family); font-size: var(--awb-font-size); font-style: var(--awb-text-font-style); letter-spacing: var(--awb-letter-spacing); text-align: var(--awb-content-alignment); text-transform: var(--awb-text-transform);\"><span style=\"color: rgb(0, 0, 0); font-size: 14px; line-height: 24.04px;\" data-fusion-font=\"true\">Pause- caf\u00e9<\/span><\/b><\/li>\n<li><b style=\"background-color: var(--awb-bg-color); color: var(--awb-text-color); font-family: var(--awb-text-font-family); font-size: var(--awb-font-size); font-style: var(--awb-text-font-style); letter-spacing: var(--awb-letter-spacing); text-align: var(--awb-content-alignment); text-transform: var(--awb-text-transform);\"><span style=\"color: rgb(0, 0, 0); font-size: 14px; line-height: 24.04px;\" data-fusion-font=\"true\">D\u00e9jeuner<\/span><\/b><\/li>\n<li><b data-fusion-font=\"true\" style=\"background-color: var(--awb-bg-color); font-family: var(--awb-text-font-family); font-style: var(--awb-text-font-style); letter-spacing: var(--awb-letter-spacing); text-align: var(--awb-content-alignment); text-transform: var(--awb-text-transform); color: rgb(0, 0, 0); font-size: 14px; line-height: 24.04px;\">Diner<\/b><\/li>\n<ul>\n<\/ul>\n<\/ul>\n<ul>\n<li><b><u><span style=\"color: #8e0000;\">Banque BDL agence de boumerdes<\/span><\/u><\/b><\/li>\n<li><b><u><span style=\"color: #8e0000;\">RIB : 00500165418307785019<\/span><\/u><\/b><\/li>\n<\/ul>\n<\/div><div class=\"forminator-ui forminator-custom-form forminator-custom-form-24 forminator-design--default  forminator_ajax\" data-forminator-render=\"0\" data-form=\"forminator-module-24\" data-uid=\"69e38d97b7ce6\"><br\/><\/div><form\n\t\t\t\tid=\"forminator-module-24\"\n\t\t\t\tclass=\"forminator-ui forminator-custom-form forminator-custom-form-24 forminator-design--default  forminator_ajax\"\n\t\t\t\tmethod=\"post\"\n\t\t\t\tdata-forminator-render=\"0\"\n\t\t\t\tdata-form-id=\"24\"\n\t\t\t\t\n\t\t\t\tdata-design=\"default\"\n\t\t\t\t\n\t\t\t\t\n\t\t\t\t\n\t\t\t\tdata-grid=\"open\"\n\t\t\t\tenctype=\"multipart\/form-data\"\n\t\t\t\t\n\t\t\t\tstyle=\"display: none;\"\n\t\t\t\t\n\t\t\t\tdata-uid=\"69e38d97b7ce6\"\n\t\t\t><div role=\"alert\" aria-live=\"polite\" class=\"forminator-response-message forminator-error\" aria-hidden=\"true\"><\/div><div class=\"forminator-row\"><div id=\"name-1\" class=\"forminator-field-name forminator-col forminator-col-6 \"><div class=\"forminator-field\"><input type=\"text\" name=\"name-1\" value=\"\" placeholder=\"Nom\" id=\"forminator-field-name-1_69e38d97b7ce6\" class=\"forminator-input forminator-name--field\" aria-required=\"true\" \/><\/div><\/div><div id=\"name-2\" class=\"forminator-field-name forminator-col forminator-col-6 \"><div class=\"forminator-field\"><input type=\"text\" name=\"name-2\" value=\"\" placeholder=\"Pr\u00e9nom\" id=\"forminator-field-name-2_69e38d97b7ce6\" class=\"forminator-input forminator-name--field\" aria-required=\"true\" \/><\/div><\/div><\/div><div class=\"forminator-row\"><div id=\"email-1\" class=\"forminator-field-email forminator-col forminator-col-6 \"><div class=\"forminator-field\"><input type=\"email\" name=\"email-1\" value=\"\" placeholder=\"Email\" id=\"forminator-field-email-1_69e38d97b7ce6\" class=\"forminator-input forminator-email--field\" data-required=\"1\" aria-required=\"true\" \/><\/div><\/div><div id=\"phone-1\" class=\"forminator-field-phone forminator-col forminator-col-6 \"><div class=\"forminator-field\"><input type=\"text\" name=\"phone-1\" value=\"\" placeholder=\"T\u00e9l\u00e9phone\" id=\"forminator-field-phone-1_69e38d97b7ce6\" class=\"forminator-input forminator-field--phone\" data-required=\"1\" aria-required=\"true\" autocomplete=\"off\" \/><\/div><\/div><\/div><div class=\"forminator-row\"><div id=\"address-1\" class=\"forminator-field-address forminator-col forminator-col-12 \"><div class=\"forminator-row\"><div id=\"address-1-street_address\" class=\"forminator-col\"><div class=\"forminator-field\"><input type=\"text\" name=\"address-1-street_address\" placeholder=\"Adresse\" id=\"forminator-field-address-1-street_address_69e38d97b7ce6\" class=\"forminator-input\" data-required=\"1\" aria-required=\"true\" value=\"\" \/><\/div><\/div><\/div><div class=\"forminator-row\" data-multiple=\"false\"><div id=\"address-1-city\" class=\"forminator-col forminator-col-12\"><div class=\"forminator-field\"><input type=\"text\" name=\"address-1-city\" placeholder=\"Ville\" id=\"forminator-field-address-1-city_69e38d97b7ce6\" class=\"forminator-input\" data-required=\"1\" aria-required=\"true\" value=\"\" \/><\/div><\/div><\/div><\/div><\/div><div class=\"forminator-row\"><div id=\"radio-1\" class=\"forminator-field-radio forminator-col forminator-col-12 \"><div role=\"radiogroup\" class=\"forminator-field\" aria-labelledby=\"forminator-radiogroup-69e38d97b7ce6-label\" aria-describedby=\"forminator-radiogroup-69e38d97b7ce6-description\"><span id=\"forminator-radiogroup-69e38d97b7ce6-label\" class=\"forminator-label\">Organisme d&#039;appartenance <span class=\"forminator-required\">*<\/span><\/span><label id=\"forminator-field-radio-1-label-1\" for=\"forminator-field-radio-1-1-69e38d97b7ce6\" class=\"forminator-radio\" title=\"Avocat\"><input type=\"radio\" name=\"radio-1\" value=\"Avocat\" id=\"forminator-field-radio-1-1-69e38d97b7ce6\" aria-labelledby=\"forminator-field-radio-1-label-1\" data-calculation=\"0\"   data-hidden-behavior=\"zero\" aria-describedby=\"forminator-field-radio-1-69e38d97b7ce6-description\"\/><span class=\"forminator-radio-bullet\" aria-hidden=\"true\"><\/span><span class=\"forminator-radio-label\">Avocat<\/span><\/label><label id=\"forminator-field-radio-1-label-2\" for=\"forminator-field-radio-1-2-69e38d97b7ce6\" class=\"forminator-radio\" title=\"Magistrat\"><input type=\"radio\" name=\"radio-1\" value=\"one\" id=\"forminator-field-radio-1-2-69e38d97b7ce6\" aria-labelledby=\"forminator-field-radio-1-label-2\" data-calculation=\"0\"   data-hidden-behavior=\"zero\" aria-describedby=\"forminator-field-radio-1-69e38d97b7ce6-description\"\/><span class=\"forminator-radio-bullet\" aria-hidden=\"true\"><\/span><span class=\"forminator-radio-label\">Magistrat<\/span><\/label><label id=\"forminator-field-radio-1-label-3\" for=\"forminator-field-radio-1-3-69e38d97b7ce6\" class=\"forminator-radio\" title=\"Notaire\"><input type=\"radio\" name=\"radio-1\" value=\"two\" id=\"forminator-field-radio-1-3-69e38d97b7ce6\" aria-labelledby=\"forminator-field-radio-1-label-3\" data-calculation=\"0\"   data-hidden-behavior=\"zero\" aria-describedby=\"forminator-field-radio-1-69e38d97b7ce6-description\"\/><span class=\"forminator-radio-bullet\" aria-hidden=\"true\"><\/span><span class=\"forminator-radio-label\">Notaire<\/span><\/label><label id=\"forminator-field-radio-1-label-4\" for=\"forminator-field-radio-1-4-69e38d97b7ce6\" class=\"forminator-radio\" title=\"Autre\"><input type=\"radio\" name=\"radio-1\" value=\"Autre\" id=\"forminator-field-radio-1-4-69e38d97b7ce6\" aria-labelledby=\"forminator-field-radio-1-label-4\" data-calculation=\"0\"   data-hidden-behavior=\"zero\" aria-describedby=\"forminator-field-radio-1-69e38d97b7ce6-description\"\/><span class=\"forminator-radio-bullet\" aria-hidden=\"true\"><\/span><span class=\"forminator-radio-label\">Autre<\/span><\/label><\/div><\/div><\/div><div class=\"forminator-row\"><div id=\"text-2\" class=\"forminator-field-text forminator-col forminator-col-12 \"><div class=\"forminator-field\"><label for=\"forminator-field-text-2_69e38d97b7ce6\" id=\"forminator-field-text-2_69e38d97b7ce6-label\" class=\"forminator-label\">Autre<\/label><input type=\"text\" name=\"text-2\" value=\"\" placeholder=\"\" id=\"forminator-field-text-2_69e38d97b7ce6\" class=\"forminator-input forminator-name--field\" data-required=\"\" \/><\/div><\/div><\/div><div class=\"forminator-row\"><div id=\"radio-2\" class=\"forminator-field-radio forminator-col forminator-col-12 \"><div role=\"radiogroup\" class=\"forminator-field\" aria-labelledby=\"forminator-radiogroup-69e38d97b7ce6-label\" aria-describedby=\"forminator-radiogroup-69e38d97b7ce6-description\"><span id=\"forminator-radiogroup-69e38d97b7ce6-label\" class=\"forminator-label\">Type d&#039;inscription <span class=\"forminator-required\">*<\/span><\/span><label id=\"forminator-field-radio-2-label-1\" for=\"forminator-field-radio-2-1-69e38d97b7ce6\" class=\"forminator-radio\" title=\"Avec diner du samedi : 10 000 DA\"><input type=\"radio\" name=\"radio-2\" value=\"one\" id=\"forminator-field-radio-2-1-69e38d97b7ce6\" aria-labelledby=\"forminator-field-radio-2-label-1\" data-calculation=\"0\"   data-hidden-behavior=\"zero\" aria-describedby=\"forminator-field-radio-2-69e38d97b7ce6-description\"\/><span class=\"forminator-radio-bullet\" aria-hidden=\"true\"><\/span><span class=\"forminator-radio-label\">Avec diner du samedi : 10 000 DA<\/span><\/label><label id=\"forminator-field-radio-2-label-2\" for=\"forminator-field-radio-2-2-69e38d97b7ce6\" class=\"forminator-radio\" title=\"Sans d\u00eener du samed : 6 000 DA\"><input type=\"radio\" name=\"radio-2\" value=\"two\" id=\"forminator-field-radio-2-2-69e38d97b7ce6\" aria-labelledby=\"forminator-field-radio-2-label-2\" data-calculation=\"0\"   data-hidden-behavior=\"zero\" aria-describedby=\"forminator-field-radio-2-69e38d97b7ce6-description\"\/><span class=\"forminator-radio-bullet\" aria-hidden=\"true\"><\/span><span class=\"forminator-radio-label\">Sans d\u00eener du samed : 6 000 DA<\/span><\/label><\/div><\/div><\/div><div class=\"forminator-row\"><div id=\"upload-1\" class=\"forminator-field-upload forminator-col forminator-col-12 \"><div class=\"forminator-field\"><label for=\"forminator-field-upload-1_69e38d97b7ce6\" id=\"forminator-field-upload-1_69e38d97b7ce6-label\" class=\"forminator-label\">Justificatif de paiement<\/label><div class=\"forminator-multi-upload \" data-element=\"upload-1_69e38d97b7ce6\" aria-describedby=\"forminator-field-upload-1_69e38d97b7ce6-description\"><input type=\"file\" name=\"upload-1[]\" id=\"forminator-field-upload-1_69e38d97b7ce6\" class=\"forminator-input-file forminator-field-upload-1_69e38d97b7ce6-24\" multiple=\"multiple\" data-method=\"ajax\" data-size=\"8000000\" data-size-message=\"Maximum file size allowed is 8 MB. \"><div class=\"forminator-multi-upload-message\" aria-hidden=\"true\"><span class=\"forminator-icon-upload\" aria-hidden=\"true\"><\/span><p>Glissez et d\u00e9posez (ou) <a class=\"forminator-upload-file--forminator-field-upload-1_69e38d97b7ce6\" href=\"javascript:void(0)\">Choisissez des fichiers<\/a><\/p><\/div><\/div><ul class=\"forminator-uploaded-files upload-container-upload-1_69e38d97b7ce6\"><\/ul><\/div><\/div><\/div><input type=\"hidden\" name=\"referer_url\" value=\"\" \/><div class=\"forminator-row forminator-row-last\"><div class=\"forminator-col\"><div class=\"forminator-field\"><button class=\"forminator-button forminator-button-submit\">Envoyer le message<\/button><\/div><\/div><\/div><input type=\"hidden\" id=\"forminator_nonce\" name=\"forminator_nonce\" value=\"ef0dfd5cde\" \/><input type=\"hidden\" name=\"_wp_http_referer\" value=\"\/index.php?rest_route=%2Fwp%2Fv2%2Fpages%2F8\" \/><input type=\"hidden\" name=\"form_id\" value=\"24\"><input type=\"hidden\" name=\"page_id\" value=\"8\"><input type=\"hidden\" name=\"form_type\" value=\"default\"><input type=\"hidden\" name=\"current_url\" value=\"https:\/\/barreaudeboumerdes.congresalgerie.com\/?page_id=8\"><input type=\"hidden\" name=\"render_id\" value=\"0\"><input type=\"hidden\" name=\"forminator-multifile-hidden\" class=\"forminator-multifile-hidden\"><input type=\"hidden\" name=\"action\" value=\"forminator_submit_form_custom-forms\"><\/form><\/div><\/div><\/div><\/div>\n","protected":false},"excerpt":{"rendered":"","protected":false},"author":1,"featured_media":0,"parent":0,"menu_order":0,"comment_status":"closed","ping_status":"closed","template":"100-width.php","meta":{"footnotes":""},"class_list":["post-8","page","type-page","status-publish","hentry"],"_links":{"self":[{"href":"https:\/\/barreaudeboumerdes.congresalgerie.com\/index.php?rest_route=\/wp\/v2\/pages\/8","targetHints":{"allow":["GET"]}}],"collection":[{"href":"https:\/\/barreaudeboumerdes.congresalgerie.com\/index.php?rest_route=\/wp\/v2\/pages"}],"about":[{"href":"https:\/\/barreaudeboumerdes.congresalgerie.com\/index.php?rest_route=\/wp\/v2\/types\/page"}],"author":[{"embeddable":true,"href":"https:\/\/barreaudeboumerdes.congresalgerie.com\/index.php?rest_route=\/wp\/v2\/users\/1"}],"replies":[{"embeddable":true,"href":"https:\/\/barreaudeboumerdes.congresalgerie.com\/index.php?rest_route=%2Fwp%2Fv2%2Fcomments&post=8"}],"version-history":[{"count":17,"href":"https:\/\/barreaudeboumerdes.congresalgerie.com\/index.php?rest_route=\/wp\/v2\/pages\/8\/revisions"}],"predecessor-version":[{"id":58,"href":"https:\/\/barreaudeboumerdes.congresalgerie.com\/index.php?rest_route=\/wp\/v2\/pages\/8\/revisions\/58"}],"wp:attachment":[{"href":"https:\/\/barreaudeboumerdes.congresalgerie.com\/index.php?rest_route=%2Fwp%2Fv2%2Fmedia&parent=8"}],"curies":[{"name":"wp","href":"https:\/\/api.w.org\/{rel}","templated":true}]}}